{"id":7,"date":"2020-07-26T13:08:16","date_gmt":"2020-07-26T13:08:16","guid":{"rendered":"https:\/\/platinchen.de\/?page_id=7"},"modified":"2021-02-02T09:15:39","modified_gmt":"2021-02-02T09:15:39","slug":"ueber-uns","status":"publish","type":"page","link":"https:\/\/platinchen.de\/?page_id=7","title":{"rendered":"\u00dcber mich"},"content":{"rendered":"\n<div class=\"wp-block-columns\">\n<div class=\"wp-block-column\">\n<p>Jochen Ferger<\/p>\n\n\n\n<p class=\"has-text-align-left\">Verheiratet, &gt;50 Jahre, Berufsschullehrer<\/p>\n\n\n\n<p>Ich habe einfach viel Spa\u00df an Technik und m\u00f6chte die selbst erstellten Produkte gerne an andere weitergeben.<\/p>\n\n\n\n<p>\u00dcber Feedback w\u00fcrde ich mich sehr freuen, gerne per <a href=\"mailto:jochen@jochen-ferger.de\">Mail<\/a>.<\/p>\n<\/div>\n\n\n\n<div class=\"wp-block-column\">\n<figure class=\"wp-block-image size-large\"><img loading=\"lazy\" width=\"783\" height=\"1024\" src=\"https:\/\/platinchen.de\/wp-content\/uploads\/2020\/07\/Jochen-Ferger-783x1024.jpg\" alt=\"\" class=\"wp-image-124\" srcset=\"https:\/\/platinchen.de\/wp-content\/uploads\/2020\/07\/Jochen-Ferger-783x1024.jpg 783w, https:\/\/platinchen.de\/wp-content\/uploads\/2020\/07\/Jochen-Ferger-229x300.jpg 229w, https:\/\/platinchen.de\/wp-content\/uploads\/2020\/07\/Jochen-Ferger-768x1005.jpg 768w, https:\/\/platinchen.de\/wp-content\/uploads\/2020\/07\/Jochen-Ferger.jpg 1160w\" sizes=\"(max-width: 783px) 100vw, 783px\" \/><\/figure>\n<\/div>\n<\/div>\n\n\n\n<p>Danke sage ich der Firma <a href=\"https:\/\/www.ibfriedrich.com\/de\/index.html\">Friedrich<\/a> die mir mit Rat, Tat und anderer Unterst\u00fctzung beim Platinenlayout mit Target zur Seite steht, und nat\u00fcrlich nicht zuletzt bei meiner Frau f\u00fcr ihre unendliche Geduld. <\/p>\n\n\n\n<p>Eine voll funktionsf\u00e4hige Version von Target Discover (beschr\u00e4nkt auf die 250 Kontakte) k\u00f6nnen Sie hier herunterladen: <a href=\"https:\/\/server.ibfriedrich.com\/wiki\/ibfwikide\/index.php?title=Download\">https:\/\/server.ibfriedrich.com\/wiki\/ibfwikide\/index.php?title=Download<\/a><\/p>\n","protected":false},"excerpt":{"rendered":"<p>Jochen Ferger Verheiratet, &gt;50 Jahre, Berufsschullehrer Ich habe einfach viel Spa\u00df an Technik und m\u00f6chte die selbst erstellten Produkte gerne an andere weitergeben. \u00dcber Feedback w\u00fcrde ich mich sehr freuen, gerne per Mail. Danke sage ich der Firma Friedrich die mir mit Rat, Tat und anderer Unterst\u00fctzung beim Platinenlayout mit Target zur Seite steht, und [&hellip;]<\/p>\n","protected":false},"author":1,"featured_media":0,"parent":0,"menu_order":0,"comment_status":"closed","ping_status":"closed","template":"","meta":[],"_links":{"self":[{"href":"https:\/\/platinchen.de\/index.php?rest_route=\/wp\/v2\/pages\/7"}],"collection":[{"href":"https:\/\/platinchen.de\/index.php?rest_route=\/wp\/v2\/pages"}],"about":[{"href":"https:\/\/platinchen.de\/index.php?rest_route=\/wp\/v2\/types\/page"}],"author":[{"embeddable":true,"href":"https:\/\/platinchen.de\/index.php?rest_route=\/wp\/v2\/users\/1"}],"replies":[{"embeddable":true,"href":"https:\/\/platinchen.de\/index.php?rest_route=%2Fwp%2Fv2%2Fcomments&post=7"}],"version-history":[{"count":8,"href":"https:\/\/platinchen.de\/index.php?rest_route=\/wp\/v2\/pages\/7\/revisions"}],"predecessor-version":[{"id":223,"href":"https:\/\/platinchen.de\/index.php?rest_route=\/wp\/v2\/pages\/7\/revisions\/223"}],"wp:attachment":[{"href":"https:\/\/platinchen.de\/index.php?rest_route=%2Fwp%2Fv2%2Fmedia&parent=7"}],"curies":[{"name":"wp","href":"https:\/\/api.w.org\/{rel}","templated":true}]}}